base 11, what is -2 + -59?
-60
In base 3, what is -1010000 - 0?
-1010000
In base 16, what is 2 - 1d?
-1b
In base 8, what is 300 - 1?
277
In base 13, what is 888 + -3?
885
In base 11, what is -2 - 662?
-664
In base 15, what is 15918 + -5?
15913
In base 7, what is -54 - -14?
-40
In base 16, what is 35 - -5?
3a
In base 7, what is -156 - 2?
-161
In base 6, what is 411 - -2?
413
In base 11, what is -26 + 8?
-19
In base 14, what is 15020 - 1?
1501d
In base 3, what is -1010210010 - 1?
-1010210011
In base 12, what is 20 + -b?
11
In base 2, what is -10110 + 110?
-10000
In base 10, what is 1 + 21?
22
In base 3, what is -201 + -12?
-220
In base 8, what is -1 - 122?
-123
In base 7, what is -240 + 5?
-232
In base 16, what is -c - 7?
-13
In base 15, what is -2 + 57?
55
In base 4, what is 2 - -13?
21
In base 10, what is 0 - -60?
60
In base 6, what is 144 - 50?
54
In base 5, what is 2 - 33024?
-33022
In base 6, what is 20 + 10?
30
In base 2, what is 1001000000110 - 100?
1001000000010
In base 3, what is 120 + 1010?
1200
In base 11, what is -3 - 32?
-35
In base 8, what is -46 - 4?
-52
In base 12, what is 15 - -40b?
424
In base 3, what is 0 - 10121?
-10121
In base 13, what is 20 - c?
11
In base 3, what is -2 + -1?
-10
In base 7, what is -3145 - 2?
-3150
In base 2, what is 10001 - -101001?
111010
In base 15, what is -3 + -60?
-63
In base 15, what is -3 + 189?
186
In base 15, what is -741 + 0?
-741
In base 9, what is 0 + -1433?
-1433
In base 13, what is 51 + 1?
52
In base 15, what is -3 - -326?
323
In base 4, what is 1 - -10?
11
In base 2, what is -1000 + -1010000?
-1011000
In base 6, what is 2 + -4325?
-4323
In base 11, what is -3 + -930?
-933
In base 6, what is 152 - -2?
154
In base 13, what is -1 + -5c?
-60
In base 4, what is 21 - 2?
13
In base 11, what is -6 - 159?
-164
In base 16, what is -941 - 5?
-946
In base 10, what is 81 - -35?
116
In base 2, what is 101010001 - 10011?
100111110
In base 10, what is -794 + -5?
-799
In base 11, what is 11 + -197?
-186
In base 2, what is -10101011111 - -10000?
-10101001111
In base 5, what is -141 + -30?
-221
In base 13, what is -5 - 289?
-291
In base 7, what is 6 + 334?
343
In base 5, what is 133 + -1001?
-313
In base 3, what is 0 + 10021201?
10021201
In base 5, what is -24 - -10?
-14
In base 14, what is bb5 - -1?
bb6
In base 11, what is -12 + 8?
-5
In base 16, what is -22da - -2?
-22d8
In base 14, what is -1 + 144?
143
In base 16, what is 49 + -11?
38
In base 15, what is -2 + 57?
55
In base 8, what is -2 + 230?
226
In base 11, what is 2 - 48?
-46
In base 16, what is -5 - 37?
-3c
In base 10, what is 297 - 0?
297
In base 12, what is 118 - 3?
115
In base 9, what is 21 - 64?
-43
In base 7, what is 20 + 502?
522
In base 7, what is 134 + -45?
56
In base 11, what is -3717 + 3?
-3714
In base 12, what is 2 - -91?
93
In base 13, what is 157 + 6?
160
In base 9, what is -2 + -1460?
-1462
In base 15, what is -3e0 - -5?
-3da
In base 7, what is -61 + -221?
-312
In base 5, what is -1 + -4221?
-4222
In base 3, what is -1 + -122002?
-122010
In base 16, what is 2b - -54?
7f
In base 6, what is 3411 - -1?
3412
In base 8, what is -57476 - 4?
-57502
In base 8, what is -4 + -512?
-516
In base 8, what is 5 + -2374?
-2367
In base 8, what is -132 + -3?
-135
In base 5, what is 340 - 1?
334
In base 9, what is 0 + -754?
-754
In base 7, what is -2 + -1255?
-1260
In base 13, what is -803 + 0?
-803
In base 3, what is 100 - -10222202?
11000002
In base 2, what is -10 + -1010000111010?
-1010000111100
In base 6, what is 23444 + -12?
23432
In base 11, what is 8 + 236?
243
In base 6, what is 3 + 230?
233
In base 6, what is -5 + 1154?
1145
In base 5, what is -10 + 23?
13
In base 10, what is 2 + 7502?
7504
In base 4, what is 3 + -23?
-20
In base 11, what is -45 - -53?
9
In base 16, what is 20 + b?
2b
In base 5, what is 1 + -2334?
-2333
In base 10, what is -190 + -41?
-231
In base 10, what is -574 - 1?
-575
In base 9, what is 640 - -2?
642
In base 4, what is 3 - -33123?
33132
In base 2, what is -10001101 + -1011?
-10011000
In base 6, what is -435 - -124?
-311
In base 3, what is -12 + -1101111?
-1101200
In base 7, what is -11 - -160?
146
In base 9, what is 508 - 1?
507
In base 15, what is 5 + 379?
37e
In base 5, what is -21 - 12?
-33
In base 5, what is 2321 - 1?
2320
In base 3, what is -12 + -2110002?
-2110021
In base 7, what is 0 - -5515?
5515
In base 16, what is -2f63 - 4?
-2f67
In base 5, what is -223314 + -2?
-223321
In base 2, what is -1111100011 - -10011?
-1111010000
In base 12, what is 19 + -a?
b
In base 6, what is -55 + -10?
-105
In base 5, what is -2 - -30044?
30042
In base 12, what is 1a6 + 3?
1a9
In base 7, what is -13145 - -3?
-13142
In base 10, what is -4 - 12?
-16
In base 13, what is -591 - -2?
-58c
In base 2, what is -11101101 + 101?
-11101000
In base 9, what is -5 - -40?
34
In base 15, what is -3 - dcd?
-dd1
In base 3, what is -12100 + -1022?
-20122
In base 8, what is -1 + 61?
60
In base 16, what is 3 - -358?
35b
In base 11, what is 15 - -29?
43
In base 15, what is -48 + -1?
-49
In base 14, what is 1 - d9?
-d8
In base 2, what is 1001110011 + -1?
1001110010
In base 8, what is -356 - 3?
-361
In base 16, what is 479 + -2?
477
In base 4, what is 11 + -33102?
-33031
In base 5, what is -4 - -102243?
102234
In base 12, what is 7 + -5?
2
In base 15, what is 5a - 0?
5a
In base 4, what is -1223 - 10?
-1233
In base 10, what is 426 - 1?
425
In base 6, what is -4 - 205?
-213
In base 9, what is -73 - 10?
-83
In base 7, what is -103 + -23?
-126
In base 16, what is 5 + -1bc?
-1b7
In base 12, what is 4 - 5?
-1
In base 13, what is 15b7 + -1?
15b6
In base 2, what is -1111001 + 1000?
-1110001
In base 13, what is -2 - 78?
-7a
In base 15, what is -28 - -6?
-22
In base 13, what is 8 + -91?
-86
In base 15, what is -a - 6?
-11
In base 15, what is 0 - 1b?
-1b
In base 13, what is 0 - -2?
2
In base 11, what is 5 + -123?
-119
In base 7, what is 6306 - 3?
6303
In base 8, what is -1 - 1333?
-1334
In base 3, what is 2 - 1212?
-1210
In base 11, what is -3210 + 0?
-3210
In base 13, what is 27c6 + -4?
27c2
In base 13, what is -83 - 0?
-83
In base 8, what is -11 - -4?
-5
In base 10, what is -250 - -3?
-247
In base 4, what is 30330 - 0?
30330
In base 4, what is -120 - 3?
-123
In base 7, what is 13 - -16?
32
In base 3, what is -111 - 1222?
-2110
In base 3, what is 1210221 + 12?
1211010
In base 3, what is 11 - -212211?
212222
In base 15, what is -3d89 - 0?
-3d89
In base 6, what is -4050 + -4?
-4054
In base 16, what is 1931 + 4?
1935
In base 8, what is 7 - -4?
13
In base 4, what is -1 + -3013?
-3020
In base 16, what is -76 + -3?
-79
In base 12, what is a - 1a0?
-192
In base 13, what is 2 + 349?
34b
In base 12, what is 209 + 5?
212
In base 2, what is 110 + 11000111001?
11000111111
In base 2, what is -1001011 - -110?
-1000101
In base 14, what is 0 + a?
a
In base 14, what is 5 + 14?
19
In base 12, what is 5 - -1908?
1911
In base 2, what is 1101 - 100101?
-11000
In base 4, what is -1021330 + 10?
-1021320
In base 12, what is 0 - -1b17?
1b17
In base 2, what is -110010 - -1100?
-100110
In base 3, what is -102022 + -1?
-102100
In base 10, what is -5 + -113?
-118
In base 3, what is -1010 - -102?
-201
In base 16, what is -2c - b?
-37
In base 10, what is 43 - -1?
44
In base 15, what is -15 - -a?
-a
In base 11, what is -11 + 0?
-11
In base 15, what is 5 + 165?
16a
In base 2, what is 10000100 - -100?
10001000
In base 8, what is -2602 - 0?
-2602
In base 14, what is 4 - -44?
48
In base 2, what is -1000 + 10100010?
10011010
In base 2, what is 110001101 + 101?
110010010
In base 8, what is 240 - 0?
240
In base 13, what is 13 - -7?
1a
In base 6, what is 11 + -41?
-30
In base 14, what is 329 + -1?
328
In base 8, what is -203 - -2?
-201
In base 6, what is -54 - 20?
-114
In base 12, what is 7 + 25?
30
In base 11, what is -696 - 5?
-6a0
In base 12, what is 5 + -818?
-813
In base 11, what is 1203 - 3?
1200
In base 10, what is -160 - -4?
-156
In base 8, what is -1 - 153?
-154
In base 5, what is 4 + 130442?
131001
In base 4, what is 3 + 21003?
21012
In base 4, what is 13 - 2212?
-2133
In base 4, what is 23 - -30?
113
In base 6, what is -1201 + -1?
-1202
In base 9, what is 5 - 8?
-3
In base 15, what is 6 - 4?
2
In base 5, what is -1 - 341?
-342
In base 6, what is 5 - -4455?
4504
In base 10, what is 0 - 25?
-25